r of 9 and h.
1
Suppose 3*m + 3*p - 162 = 0, -m + 3*p + 230 = 3*m. What is the greatest common factor of 8 and m?
8
Let g be 2*(12 - (-2)/(-2)). Suppose z + g + 14 = 0. Let a be (z/30)/(1/(-50)). What is the greatest common divisor of a and 6?
6
Let a = 14 - -30. What is the highest common divisor of 11 and a?
11
Let z = -16 - -37. Suppose -w = -s - z, -s = -2*w - 0*w + 39. Calculate the highest common factor of 12 and w.
6
Let m(w) = -w**3 - 5*w**2 - 4*w - 5. Let q be m(-6). Calculate the highest common factor of 22 and q.
11
Let t be (-2)/2 + 18/2. Let v be (-10 - 2*-1)*-11. Calculate the greatest common divisor of t and v.
8
Let s = 554 + -381. Suppose 2*r + 2*t - 344 = 4*t, r - 2*t = s. What is the greatest common factor of r and 19?
19
Let x(a) = 97*a**2 - 1. Let l be x(1). What is the highest common divisor of 24 and l?
24
Let y(d) = d**3 + 4*d**2 + 6*d + 3. Let r = 1 + -5. Let f be y(r). Let j be 2/(-7) + (-636)/f. Calculate the highest common factor of j and 12.
6
Let a be 20/6 - 4/(-6). Suppose 2*t = 3*f - 37, -2*t + 27 = a*f - 13. Let c = -13 + 35. What is the highest common divisor of c and f?
11
Let n(p) = p**3 + 6*p**2 + 6*p + 3. Let g be n(-4). Let f = -11 + 12. What is the highest common factor of g and f?
1
Let t = 73 + -7. Let l be (-12)/4 + 3*11. Suppose l = 3*n + 12. What is the greatest common divisor of n and t?
6
Let b = -13 + 22. Calculate the greatest common factor of b and 63.
9
Let u be (3/(-4))/((-5)/80). Suppose 0 = -u*w + 8*w + 120. What is the highest common divisor of 75 and w?
15
Suppose -4*o = -3*o - 96. Calculate the highest common divisor of 32 and o.
32
Let z(w) = -w**2 - 13*w - 10. Let n be z(-12). Suppose n*l = -0*l + 40. Calculate the highest common divisor of 50 and l.
10
Let a = 33 - 31. What is the highest common factor of 3 and a?
1
Let x be (68/6)/((-4)/(-6)). Suppose x*k + 120 = 21*k. What is the highest common divisor of k and 15?
15
Let z be 5 + (1 - -1) + -3. Let s(p) = z*p - 7*p**2 + 3*p + 8 - p**3 + 2*p**3. Let l be s(6). What is the greatest common divisor of l and 112?
14
Let d be (3/6)/(123/(-42) + 3). What is the greatest common factor of d and 21?
7
Let i be (54/10)/((-2)/(-50)*5). Suppose 5 = -5*g, 0*f + 3*g + 27 = 2*f. Suppose f = 3*s + s. Calculate the highest common factor of s and i.
3
Suppose -542 - 618 = -8*a. What is the greatest common divisor of 29 and a?
29
Let y(n) = 3*n**2 + 2*n - 7. Let m be y(-4). What is the greatest common factor of 22 and m?
11
Let n(u) = 12*u + 1. Let p be n(1). Suppose -p = -3*s - 4*w, 10*w - 5*w + 25 = 0. What is the greatest common divisor of 44 and s?
11
Let r be (-109)/(-3) - 4/12. What is the greatest common factor of r and 9?
9
Let z be (-2)/7 + 16/56. Suppose -2*a + 9 + 1 = z, -2*o - 3*a + 295 = 0. Suppose -4*f = -3*f - 14. Calculate the highest common divisor of o and f.
14
Let b be (12/4)/((-18)/(-660)). Calculate the highest common divisor of b and 44.
22
Suppose -10 = -z + 2. Suppose 0 = -2*m - 0*m + 120. Calculate the greatest common divisor of m and z.
12
Let p(j) = -3*j - 1. Let l be p(-6). What is the greatest common divisor of l and 187?
17
Let z = -5 - -22. Calculate the greatest common factor of z and 17.
17
Let w be 23 - 1 - 3 - (0 - -2). What is the greatest common factor of w and 187?
17
Let c be 10/1 - (12 + -9). Let t be 0/(c + -3) + 165. What is the greatest common factor of t and 15?
15
Suppose 0 = -t - 6 - 0. Let q = t + 10. Let m be ((-16)/6)/(q/(-6)). Calculate the greatest common divisor of 4 and m.
4
Suppose 4*y = 5*y - 34. Let b(x) = 8*x - 29. Let p be b(10). Calculate the highest common factor of y and p.
17
Let t(y) = 11*y - 1. Let q be t(6). Suppose -p + 6*p = q. Let u = -264 + 277. Calculate the greatest common divisor of p and u.
13
Let c(b) be the second derivative of -b**4/12 - b**3/2 - 2*b**2 - b. Let v be c(-3). Let z = v - -26. Calculate the highest common factor of z and 2.
2
Let i(p) = 3*p**2 + 2*p - 1. Let h be i(-2). What is the highest common factor of 35 and h?
7
Let f = 28 - 11. What is the highest common factor of 119 and f?
17
Suppose -2*q - 4*p = -3*p - 326, -2*p - 668 = -4*q. Let a be (-14)/21 - 28/(-6). Suppose 75 = a*d + d. What is the greatest common factor of d and q?
15
Let b be 13/2 + (-9)/(-18). Let c = b + -3. Calculate the greatest common factor of c and 44.
4
Suppose -2*g + 16 = -g. Suppose 3*x - w = 2*w + 18, g = -4*w. What is the greatest common divisor of 14 and x?
2
Let h be (-3)/12 - (-50)/8. Let n be 1/(-3*(-2)/h). Calculate the highest common divisor of n and 2.
1
Suppose -20 = -5*u + 4*u. Let i be (-15)/2*u/6. Let p = 8 - i. What is the greatest common factor of p and 22?
11
Let l be (-8)/28 + 466/(-14)*-1. Calculate the highest common divisor of l and 297.
33
Let g be (-5 - 1)*(-15)/30. Calculate the greatest common divisor of g and 33.
3
Let h(z) = z**3 + 9*z**2 - z - 4. Let t be h(-9). Suppose -4*u - 5 = -3*u, -5*k + t*u + 65 = 0. What is the greatest common divisor of 56 and k?
8
Let m = 28 - -2. What is the greatest common factor of m and 75?
15
Suppose -3*l = n + l - 5, -2*l - 23 = -n. Let q = 797 - 210. Suppose 3*o + 26 = q. What is the highest common factor of o and n?
17
Let x(l) = -l**2 - 10*l - 7. Let n be x(-5). Let b be -3 - 33*21/(-3). Suppose -b + n = -3*i. Calculate the greatest common divisor of i and 10.
10
Let h(v) = -v + 5. Let b = 21 + -29. Let i be h(b). What is the greatest common factor of 52 and i?
13
Let d be (-2*(-18)/24)/(3/102). What is the greatest common factor of d and 119?
17
Let c = 35 - -35. What is the highest common factor of c and 28?
14
Suppose 106 = 4*k - 230. Calculate the greatest common divisor of 28 and k.
28
Let y be (-3 + 10 - 3) + -2. Suppose -y*h + 48 = -h. Suppose 0 = -3*t - 5*k + 26, -3*t - 5*k = t - 38. What is the greatest common divisor of t and h?
12
Suppose 4*j = -5*u + 27, 4*j + 1 = -u - 0*j. What is the highest common factor of u and 56?
7
Suppose 0 = 2*y - 7*y + 30. Calculate the greatest common divisor of y and 4.
2
Suppose 5*v + 65 = 215. Calculate the highest common factor of 12 and v.
6
Let m be (-495)/(-44)*8/3. Let p = m + -21. What is the greatest common divisor of p and 27?
9
Suppose 12 = 2*q - 90. Suppose -5*u + b + q = 4*b, -2*b = -4. Suppose -405 = -4*k - k. What is the greatest common factor of k and u?
9
Suppose -4*o = -41 - 55. Suppose -h + 26 = 2*m - 6, -55 = -3*m + 2*h. Let s = m + -9. Calculate the highest common divisor of o and s.
8
Suppose -4*j - l = -0*j + 247, 5*l = -2*j - 137. Let q(x) = 9*x**2 + x + 1. Let v be q(3). Let w = v + j. Calculate the greatest common factor of 16 and w.
8
Suppose -5*o - j - 154 = 0, o = 2*o + 3*j + 28. Let w = o + 66. Let a = -21 - -35. What is the greatest common divisor of a and w?
7
Let s(p) be the first derivative of p**4/2 + 2*p**3/3 - p**2/2 - 2*p - 3. Let n be s(2). What is the greatest common divisor of 30 and n?
10
Suppose -m - 16 = 23*i - 25*i, 0 = -i + 4*m + 22. Let q(o) = 54*o. Let p be q(1). Calculate the highest common factor of p and i.
6
Let u = -10 + 10. Let r be (1 - u)/(1/16). What is the highest common factor of 112 and r?
16
Let o(y) = 15*y**2 - y + 1. Let r be o(1). Let h = 65 - 20. Calculate the highest common factor of r and h.
15
Suppose 3*g - 6*g - 15 = 0. Let h be (-30)/(-9)*(-99)/g. Calculate the highest common divisor of h and 44.
22
Let c(u) = 2*u + 40. Let x be c(-6). Calculate the highest common factor of x and 14.
14
Let q = -12 - -28. Suppose 6 = -y + 118. What is the greatest common factor of y and q?
16
Let b(f) = f**3 - 2*f**2 + 3*f - 3. Let t = -2 - -5. Let m be b(t). What is the highest common factor of 5 and m?
5
Let x be 12 - (-3 - -6 - 3). What is the highest common divisor of 12 and x?
12
Let f = 41 - 32. Calculate the highest common factor of f and 12.
3
Let g be -2*2 + 1 + 8 + 8. Calculate the greatest common divisor of g and 104.
13
Let p be (-222)/(-6) + (-2)/2. What is the highest common factor of p and 9?
9
Suppose 5*a - 2 - 3 = 0. Let f(r) = 2*r - 4. Let p(g) = g. Let h(d) = f(d) - p(d). Let t be h(9). Calculate the highest common factor of t and a.
1
Let k(v) = -v + 6. Let s be k(-5). Let w be (88/5)/((-1)/(-5)). Calculate the greatest common factor of s and w.
11
Suppose 5 = 3*r - 7. Suppose 144 = r*u - 2*h, -u - 18 = -2